{"id":865,"date":"2018-05-22T19:51:20","date_gmt":"2018-05-22T17:51:20","guid":{"rendered":"https:\/\/calluna.sk\/?post_type=product&#038;p=865"},"modified":"2019-08-27T13:49:44","modified_gmt":"2019-08-27T11:49:44","slug":"lan-a-marhula","status":"publish","type":"product","link":"https:\/\/calluna.sk\/?product=lan-a-marhula","title":{"rendered":"\u013dan a marhu\u013ea"},"content":{"rendered":"<p>S\u00e9rum je ide\u00e1lne pre such\u00fa a hlavne zrel\u00fa ple\u0165 v\u010faka vynikaj\u00facim regera\u010dn\u00fdm vlastnostiam a schopnosti predch\u00e1dza\u0165 tvorbe vr\u00e1sok. Vhodn\u00fd aj po opa\u013eovan\u00ed, na popraskan\u00fa, drsn\u00fa alebo inak po\u0161koden\u00fa \u010di podr\u00e1\u017eden\u00fa poko\u017eku. M\u00e1 siln\u00fd antioxida\u010dn\u00fd \u00fa\u010dinok, chr\u00e1ni poko\u017eku pred vo\u013en\u00fdmi radik\u00e1lmi, podporuje obnovu ko\u017en\u00fdch buniek a m\u00e1 hydrata\u010dn\u00e9, vy\u017eivuj\u00face, vyhladzuj\u00face, zvl\u00e1\u010dnuj\u00face aj protiz\u00e1palov\u00e9 \u00fa\u010dinky.<\/p>\n","protected":false},"excerpt":{"rendered":"<p>Pr\u00edrodn\u00e9 ru\u010dne roben\u00e9 s\u00e9rum na such\u00fa poko\u017eku.<\/p>\n<p><img decoding=\"async\" class=\"alignnone wp-image-818\" src=\"https:\/\/calluna.sk\/wp-content\/uploads\/2018\/01\/100-prirodne.png\" alt=\"\" width=\"45\" height=\"65\" \/>\u00a0<img decoding=\"async\" class=\"alignnone wp-image-824\" src=\"https:\/\/calluna.sk\/wp-content\/uploads\/2017\/06\/vegan.png\" alt=\"\" width=\"45\" height=\"65\" \/>\u00a0<img decoding=\"async\" class=\"alignnone wp-image-820\" src=\"https:\/\/calluna.sk\/wp-content\/uploads\/2018\/01\/hypo-zlozenie.png\" alt=\"\" width=\"53\" height=\"65\" \/>\u00a0<img loading=\"lazy\" decoding=\"async\" class=\"alignnone wp-image-819\" src=\"https:\/\/calluna.sk\/wp-content\/uploads\/2018\/01\/bez-syntetik.png\" alt=\"\" width=\"45\" height=\"65\" \/>\u00a0<img loading=\"lazy\" decoding=\"async\" class=\"alignnone wp-image-815\" src=\"https:\/\/calluna.sk\/wp-content\/uploads\/2018\/01\/rucne-robene.png\" alt=\"\" width=\"45\" height=\"66\" \/>\u00a0<img loading=\"lazy\" decoding=\"async\" class=\"alignnone wp-image-821\" src=\"https:\/\/calluna.sk\/wp-content\/uploads\/2018\/01\/slovensko.png\" alt=\"\" width=\"53\" height=\"66\" \/><a class=\"button\" href=\"https:\/\/calluna.sk\/?product=lan-a-marhula\" title=\"Viac\">\u010c\u00edtaj \u010falej<\/a><\/p>\n","protected":false},"featured_media":866,"comment_status":"open","ping_status":"closed","template":"","meta":[],"product_brand":[],"product_cat":[165],"product_tag":[],"class_list":{"0":"post-865","1":"product","2":"type-product","3":"status-publish","4":"has-post-thumbnail","6":"product_cat-sera","7":"post-container masonry-element col-md-4","9":"first","10":"instock","11":"shipping-taxable","12":"purchasable","13":"product-type-simple"},"_links":{"self":[{"href":"https:\/\/calluna.sk\/index.php?rest_route=\/wp\/v2\/product\/865","targetHints":{"allow":["GET"]}}],"collection":[{"href":"https:\/\/calluna.sk\/index.php?rest_route=\/wp\/v2\/product"}],"about":[{"href":"https:\/\/calluna.sk\/index.php?rest_route=\/wp\/v2\/types\/product"}],"replies":[{"embeddable":true,"href":"https:\/\/calluna.sk\/index.php?rest_route=%2Fwp%2Fv2%2Fcomments&post=865"}],"wp:featuredmedia":[{"embeddable":true,"href":"https:\/\/calluna.sk\/index.php?rest_route=\/wp\/v2\/media\/866"}],"wp:attachment":[{"href":"https:\/\/calluna.sk\/index.php?rest_route=%2Fwp%2Fv2%2Fmedia&parent=865"}],"wp:term":[{"taxonomy":"product_brand","embeddable":true,"href":"https:\/\/calluna.sk\/index.php?rest_route=%2Fwp%2Fv2%2Fproduct_brand&post=865"},{"taxonomy":"product_cat","embeddable":true,"href":"https:\/\/calluna.sk\/index.php?rest_route=%2Fwp%2Fv2%2Fproduct_cat&post=865"},{"taxonomy":"product_tag","embeddable":true,"href":"https:\/\/calluna.sk\/index.php?rest_route=%2Fwp%2Fv2%2Fproduct_tag&post=865"}],"curies":[{"name":"wp","href":"https:\/\/api.w.org\/{rel}","templated":true}]}}